3 + a**3/2 + a**2/2 - a. Is s(z) a composite number?
False
Let l(h) = -h**3 + 79*h**2 - 34*h + 3. Is l(67) a prime number?
True
Let a be -8 - -16 - 3/6*6. Suppose -4*q - 19 = a. Is 13215/q*20/(-25) composite?
True
Is 40417888/784 + 6/(-14) composite?
True
Let l be (96/(-13))/4 + 8/(-52). Let x be (618/(-18) + 3)/(l/6). Suppose b - 343 = x. Is b a composite number?
True
Let c = -124 + 126. Suppose -2*l - 2*d = -110, c*d = 3*l + l - 220. Is 38027/l*1/(-2)*-10 a prime number?
True
Let b(u) = 2*u**2 - 40*u + 253. Let f be b(28). Let q = f + -543. Is q a composite number?
True
Suppose 23*f - 3*f + 3440 = 0. Is ((-64626)/(-12))/(f/(-56) - 3) a composite number?
True
Suppose -t - 41 = 2*s, -s - 3 = -0. Let f = -29 - t. Is (7 - f)/(1/206) composite?
True
Suppose -7*q = -13*q - 38658. Let w = q + 11572. Is w a composite number?
True
Suppose -4*g + 5 = -r + 7, -2*g = 0. Is 1/r*(2 + 6 + 782) prime?
False
Is (5388/8 - 0)*((-55)/(-3) - -1) a prime number?
False
Let j(p) = -45*p - 56. Let y(h) = -h + 5. Let i(v) = -j(v) - 5*y(v). Is i(30) prime?
True
Suppose h - 1 = -w, -4*w - 5*h - 3 = -w. Suppose 1574 = -w*z - t, -2*z - 792 = -0*z + 3*t. Let b = -134 - z. Is b prime?
False
Let a = -83 - -132. Let t be 30*(4 - (-11)/(-2)). Let h = a - t. Is h prime?
False
Let y be (16/14)/(((-60)/(-35))/6). Suppose 0*x - 16 = -y*x. Suppose 6*p = x*p + 374. Is p a prime number?
False
Suppose l + 5*w = -37, 1 = -w - 4. Let m(r) = 2*r**2 - 31*r + 36. Let j be m(14). Is 422/(4/j + (-16)/l) a composite number?
True
Let p = -3 + 3. Suppose p = -16*q + 8*q + 96392. Is q a composite number?
False
Let g be (-3)/(-6) + 4/(-8). Suppose n - 926 - 2191 = g. Suppose 0 = -3*k + 6*k - n. Is k prime?
True
Suppose 0 = -3*r + 4*u + 30436 + 113953, -r + 4*u = -48119. Let s = r + 18872. Suppose -s + 20843 = -12*j. Is j prime?
True
Let u = 2111 + -690. Let l = u - -300. Is l prime?
True
Suppose 91*r + 57*r - 46114691 = -111*r. Is r composite?
True
Suppose -18*r = -32*r - 5*r + 3149459. Is r prime?
False
Let i(w) = 2505*w + 25. Let a be i(4). Suppose 4*r - 3*k = -a + 27172, 21404 = 5*r + k. Suppose -12409 - r = -10*g. Is g composite?
False
Let g be (-9)/6 + (-109)/(-2). Let z be ((-9)/(-15) - (0 + g))*-5. Suppose -258*n = -z*n + 1156. Is n a prime number?
False
Let g = 197618 + -82741. Is g a composite number?
True
Let o be 3 + 43043 - (1 + -3). Suppose -o = -12*k + 36236. Is k composite?
False
Suppose -12*w + 36*w = -61896. Is ((-3 - 8/(-4)) + 0)*w a prime number?
True
Let a = -186 + 187. Suppose 5*n = 3*i + 3686, 5*i + a = -n + 755. Is n composite?
False
Let s(f) = -5*f + 29. Let y be s(5). Suppose y*z = -0*z - 8, 2*z = -2*o + 966. Is o composite?
True
Is (4/(-6)*1)/(((-952)/(-139692))/(-17)) a prime number?
True
Is 2/(6/565917*11) a prime number?
False
Let g = -663944 - -1003971. Is g a prime number?
True
Let n = 96 - 141. Let j = 87 - 214. Let m = n - j. Is m a prime number?
False
Let n = 47 + -39. Suppose -10012 = -n*f + 4*f. Is f a composite number?
False
Let c(p) = -13*p + 19. Let a be c(7). Let n = -298 - a. Let h = 291 - n. Is h a composite number?
True
Suppose 4*a + 3 = 7*a. Let u be (-2 - (9 + -2))/a. Let b(g) = 4*g**2 - 5*g + 10. Is b(u) prime?
True
Is (-543794)/(-18) - (-4)/(-30*(-39)/65) composite?
False
Let w(c) = -c**2 - 11*c + 9. Let d be w(0). Suppose -6*z - 8157 = -d*z. Is z a composite number?
False
Is (14738464/(-64))/(3/(-6)) + 12 a composite number?
False
Let h(o) = 73*o**3 + 22*o**2 + 13*o + 85. Is h(16) a composite number?
False
Suppose 62562 + 158551 = 4*d - 5*m, -d = 4*m - 55273. Is d prime?
False
Suppose 199*c = 481*c - 925924011 - 222859671. Is c a composite number?
False
Let g be (60/9)/(11/3102). Let x = g + 1529. Is x composite?
True
Suppose -3*v - 111 = 3*x, -5*x + 13*v = 9*v + 176. Is (-137172)/x - 8/6 a prime number?
False
Let p(o) = -61*o + 9. Let j be p(-1). Suppose -65*x + j*x - 10 = 0. Is (-491)/(x/6*3*-1) prime?
True
Let r(x) = 107289*x**2 - 52*x - 1. Is r(-2) a prime number?
True
Is -7 + 6*320485/66 - 5/1 composite?
False
Let m = -17 - -20. Suppose -m*g + 7222 = -7691. Suppose 2*r = 2*c + 870 + 2444, 3*r - c - g = 0. Is r composite?
False
Let g(l) = -l**2 - 6*l + 5. Let h be g(1). Let o be -2 + (-25)/h + (-9)/(-6). Suppose -o*k + 13147 - 5119 = 0. Is k composite?
True
Let x = 350 - 346. Is (x/(-16))/((-4)/36944) prime?
True
Suppose -5*v + b - 5*b + 108 = 0, 2*v = 4*b + 60. Let j(l) = 60*l**2 - l + l**2 - 5 + v - 2*l**2. Is j(7) prime?
True
Let l(u) = 20*u**3 + u**2 + 16*u - 4. Let f be l(-4). Let o = 2869 - f. Is o a composite number?
False
Suppose -5*y + 4*d = -1606773, 4*y - 30*d + 32*d = 1285408. Is y a composite number?
True
Let q(z) = z**3 - 10*z**2 + 16*z + 2. Let n = 0 + 8. Let p be q(n). Suppose p*j - 1225 = 1497. Is j prime?
True
Let j = -1244 - 841. Let g = 13027 - 9163. Let s = j + g. Is s prime?
False
Suppose 0 = -c - 2*q + 3, 3*c + 3*q + 1 = 13. Let l be ((c - 6) + 5)/(-2). Is 2055 - (-4 + 5 + (-1 - l)) a composite number?
False
Let f = 109840 + -41129. Is f prime?
True
Let t(g) = g**3 + 6*g**2 + 8*g + 3. Let n be t(-2). Suppose n*x + 5*z = 157 + 469, -4*z = 2*x - 414. Is x prime?
False
Suppose a + 6 = 2*a + 2*w, 4*a + w = 17. Suppose 5*j - 3*v + 9724 = -23522, 26594 = -4*j + v. Is ((-4)/12)/(a/j) a prime number?
False
Let q(k) = 1122*k**2 - 18*k + 207. Is q(7) a composite number?
True
Let x = -22 + 27. Suppose 0*u + 2*u = -x*w + 5, -5*u + 2*w = 2. Suppose u*o + 7*o - 44443 = 0. Is o a composite number?
True
Suppose 0 = 3*r + 2*h - 18631, -r + 341 + 5858 = -5*h. Is r composite?
True
Let l(u) = 108*u**2 - 11*u + 60. Suppose -7*w - 72 = 145. Let r = 36 + w. Is l(r) composite?
True
Suppose 4*b = 8*b - 40. Let i(m) = -1755*m**3 + 3*m**2 + 2*m - 10. Let f be i(2). Is f/(-9) + b/(-30) composite?
False
Suppose -165115 = -3*q - 44512. Is q prime?
False
Let r be (-131253)/(-11) + (-3)/33. Suppose 6*l - r = 2*l. Is l a prime number?
False
Let b(s) = -s**3 + s**2 - s + 1. Let h(z) = 54*z**3 - 10*z**2 + 2*z - 9. Let o(c) = -5*b(c) - h(c). Is o(-3) a composite number?
True
Let a be 6213 + 0 - -1 - 0. Suppose -5*m - 15 = 0, 13*l - 16*l + 3 = -2*m. Is -1 + 2 + l + a/2 composite?
True
Let a be -10 + (2 - (3 + -2)). Let k(m) = -m**2 - 28*m + 246. Let i be k(7). Is (-3)/(i*a/1281) a composite number?
True
Let k(f) be the second derivative of 5*f**4/6 - 8*f**3/3 + 53*f**2/2 - 33*f. Is k(16) a composite number?
False
Let z = -13239 + 219866. Is z a prime number?
True
Let b(n) = n**3 + 22*n**2 + 34*n + 30. Let h be b(-17). Suppose h = g - 610. Is g a composite number?
True
Let h(r) = -29*r**3 + 8*r**2 - 9*r - 11. Let n be h(6). Is -1 - (5 + n - -1) - -3 prime?
True
Let y(d) = 13*d - 75. Let w be y(6). Suppose 2421 = w*i - 10*x + 8*x, 1633 = 2*i + 5*x. Is i composite?
False
Suppose 252798 = 25*h + h. Let u = -3866 + h. Is u a prime number?
True
Suppose 3*g = 9*g - 24. Suppose -3*r + 22 = -g*r. Is r*2/6*3/(-2) composite?
False
Let t be (4/(-42)*-7)/((-2)/(-9)). Suppose -5*z = 25, 0 = t*g + z - 2*z - 20. Suppose 0 = i + 5*f - 728, -g*i + f = -0*i - 3562. Is i composite?
True
Suppose 0 = 8*w + 10*w + 93996. Let j = w + 7759. Is j a prime number?
False
Suppose -36*z = -29*z - 511063. Is z a composite number?
False
Suppose -63220 = -33*u + 43*u. Let d = u + 14285. Is d a prime number?
True
Suppose -20*b + 1664908 = -934632. Is b composite?
True
Suppose -107*v - 3*n = -104*v - 36942, -4*v - 3*n + 49261 = 0. Is v prime?
False
Let a(q) = 30689*q - 3966. Is a(61) prime?
True
Let w be 8 - 28/7 - 1956. Let d = -409 - w. Is d a composite number?
False
Suppose 0 = -3*k - r + 959379, -3*k + r = -52781 - 906598. Is k composite?
True
Suppose 6*u = -19 + 37. Suppose -2*a + 3*z + 12325 = 0, -3*a - z = u*z - 18513. Is a a composite number?
True
Let m(j) = 0*j - 10*j + 19 + 42 - 6*j. Is m(-27) prime?
False
Suppose 546*r - 541*r - 55 = 0. Suppose -m + 5*f + 473 = 0, -12*f + r*f = 3*m - 1483. Is m a composite number?
True
Suppose -27*n + 38*n = -4*n + 5949975. Is n prime?
False
Suppose -a - 2*s + 3*s = -5, 0 = 3*a + 2*s + 10. Suppose 4*n - 40 = -4*d - a*n, 4*n + 50 = 5*d. Suppose -d*u + 2822 = -3528. Is u prime?
False
Suppose -140*c + 4385783 = -14897878 + 24281. Is c composite?
False
Is (-2)/4 + 256796/8 a composite number?
False
Suppose 906509 + 1662686 = 71*g - 478338. Is g com